75192377 a composite number?
False
Is 25520787561 composite?
True
Is 55287741809 a composite number?
False
Is 67737684139 prime?
True
Is 863069771 prime?
True
Is 425025409 a prime number?
True
Is 29427792041 prime?
True
Is 3375883991 composite?
True
Is 12513006787 prime?
False
Is 31754952826 a composite number?
True
Is 348224659 composite?
False
Is 1069187065 a composite number?
True
Is 502532735339 composite?
False
Is 34910238529 a prime number?
True
Is 6852514813 composite?
True
Is 1355733947 a composite number?
True
Is 400669174 a composite number?
True
Is 294601829 composite?
False
Is 4032157247 composite?
True
Is 1395877829 a prime number?
True
Is 5407249769 a prime number?
True
Is 2367038581 a composite number?
True
Is 3332070107 a composite number?
True
Is 4201816649 composite?
True
Is 540401473 composite?
True
Is 113402495111 prime?
False
Is 2090886329 prime?
False
Is 5824811953 prime?
True
Is 255878971 composite?
False
Is 18054989681 prime?
True
Is 5510793631 composite?
True
Is 1075793233 a composite number?
True
Is 2670601189 a composite number?
False
Is 51779809181 prime?
True
Is 1783511827 a prime number?
False
Is 1315074533 a prime number?
True
Is 23480861507 a prime number?
True
Is 91425863 a prime number?
True
Is 3809072209 prime?
False
Is 50166784163 prime?
False
Is 9482983253 a prime number?
True
Is 41747483083 composite?
True
Is 18880502279 a prime number?
True
Is 6203728709 composite?
True
Is 2609562343 a prime number?
False
Is 39625279789 composite?
True
Is 166772835286 a prime number?
False
Is 1477954141 composite?
True
Is 45984797077 a composite number?
False
Is 1000174291 prime?
False
Is 5002986211 prime?
False
Is 10250377777 composite?
True
Is 3723413189 a composite number?
True
Is 8689571277 a prime number?
False
Is 2636742313 composite?
True
Is 8969415977 composite?
False
Is 79987751 a prime number?
True
Is 20213543873 composite?
False
Is 22525078963 prime?
True
Is 37168511641 prime?
True
Is 4617663793 a prime number?
False
Is 22372866707 composite?
True
Is 11256187817 composite?
True
Is 4357426363 composite?
True
Is 2709543169 composite?
False
Is 20977282031 a composite number?
False
Is 3841008599 a composite number?
True
Is 17099949901 a prime number?
True
Is 1010289977 a composite number?
False
Is 1379281037 prime?
True
Is 174268735 prime?
False
Is 3441457567 composite?
False
Is 27147280339 prime?
True
Is 4350347237 a composite number?
False
Is 1741714969 composite?
False
Is 578175799 a composite number?
True
Is 36076868329 prime?
True
Is 6912113779 prime?
False
Is 36109926521 prime?
False
Is 120503611 a composite number?
False
Is 294540687793 composite?
True
Is 1215832123 a prime number?
False
Is 138833483 prime?
True
Is 4875084061 a prime number?
True
Is 2123869273 prime?
False
Is 437732839 a prime number?
True
Is 468586849 a prime number?
True
Is 876811517 a composite number?
False
Is 145694803 a prime number?
True
Is 324056351 prime?
True
Is 6665134451 a composite number?
False
Is 700552763 composite?
False
Is 2943273583 a composite number?
False
Is 93632532979 a prime number?
True
Is 97436413 prime?
True
Is 3175383005 a prime number?
False
Is 4848843893 a composite number?
True
Is 13934305109 a prime number?
True
Is 899951267 a prime number?
False
Is 491692739 a prime number?
True
Is 173451461 prime?
True
Is 434474081 prime?
True
Is 265786849 a composite number?
True
Is 30435244739 a composite number?
True
Is 18280978159 a prime number?
True
Is 26773604603 a composite number?
True
Is 107835938957 prime?
False
Is 848854309 prime?
True
Is 304061783 prime?
True
Is 1132666439 composite?
False
Is 16792719857 a prime number?
True
Is 1103715911 composite?
False
Is 3034644491 composite?
False
Is 31590058267 composite?
False
Is 1831906291 prime?
True
Is 1204896109 composite?
True
Is 5137543777 a prime number?
True
Is 53025896129 prime?
False
Is 6850483921 a composite number?
True
Is 3276265151 a prime number?
False
Is 36342742333 composite?
True
Is 136033374823 a composite number?
True
Is 1762561 a composite number?
False
Is 3891129239 a prime number?
False
Is 276502965101 composite?
True
Is 132537449 composite?
True
Is 769610469 a composite number?
True
Is 2440612127 a prime number?
False
Is 8469175271 prime?
False
Is 60459182746 a prime number?
False
Is 1572246059 a composite number?
False
Is 11461501839 prime?
False
Is 26640193 composite?
False
Is 19654171907 a composite number?
False
Is 808308713 prime?
False
Is 2503600157 prime?
True
Is 615758309 prime?
False
Is 785590849 prime?
False
Is 1641918442 prime?
False
Is 4297899343 prime?
False
Is 8354508161 a prime number?
False
Is 41033518751 a prime number?
False
Is 4944217403 a prime number?
False
Is 20418777971 prime?
True
Is 14021889331 a prime number?
True
Is 1301922227 a composite number?
False
Is 4362430637 composite?
True
Is 600368027 a composite number?
True
Is 996772957 prime?
False
Is 9103069967 a prime number?
False
Is 4975415273 a composite number?
True
Is 138014317829 composite?
False
Is 1933566137 composite?
True
Is 89330782243 a composite number?
False
Is 557607499 a prime number?
False
Is 25333391 prime?
False
Is 3959486647 a composite number?
False
Is 6006228589 composite?
False
Is 2570977957 a prime number?
False
Is 555344191 composite?
False
Is 132057647 composite?
True
Is 1188991249 a composite number?
False
Is 3518707615 a composite number?
True
Is 3152159209 a composite number?
False
Is 1483559967 composite?
True
Is 43816162361 composite?
False
Is 478373683 a composite number?
False
Is 558804151 a composite number?
True
Is 7466407283 a prime number?
True
Is 3973389061 composite?
False
Is 560180143 a prime number?
True
Is 27389809 a composite number?
False
Is 8682254033 prime?
True
Is 16217233699 a composite number?
True
Is 12685253831 prime?
False
Is 566585689 composite?
True
Is 178738151 composite?
True
Is 70304385017 a composite number?
False
Is 2023114633 prime?
True
Is 32203050263 a prime number?
False
Is 59122067 prime?
False
Is 13339047149 a composite number?
False
Is 79278252709 a prime number?
True
Is 3971864191 prime?
True
Is 28164816739 a composite number?
False
Is 467991347 a composite number?
True
Is 725890331 a composite number?
False
Is 917636311 a composite number?
True
Is 549973153 a composite number?
False
Is 1547748247 composite?
False
Is 1812476119 prime?
True
Is 217386881 a prime number?
True
Is 7467536057 composite?
True
Is 63437070311 a composite number?
True
Is 180686629 prime?
False
Is 9295202597 composite?
False
Is 343892221 a prime number?
True
Is 691808987 a composite number?
True
Is 195482549 prime?
True
Is 12686553223 a prime number?
True
Is 861248513 composite?
True
Is 87491146229 prime?
False
Is 478741997 composite?
True
Is 10690986763 composite?
False
Is 9981189337 prime?
False
Is 83289044159 prime?
False
Is 40662125401 a composite number?
True
Is 56067845117 prime?
False
Is 2041777795 a composite number?
True
Is 9554513599 a prime number?
False
Is 187571339 a composite number?
False
Is 692045203 a composite number?
False
Is 8289054289 a composite number?
True
Is 270121289 a composite number?
False
Is 86437319 composite?
False
Is 147558449 a prime number?
True
Is 124605050741 a prime number?
True
Is 3499476931 prime?
False
Is 132995836685 a composite number?
True
Is 11652698293 a composite number?
False
Is 1285765883 composite?
False
Is 131575212745 prime?
False
Is 5876311007 a composite number?
True
Is 296092759 a prime number?
False
Is 31236042137 prime?
False
Is 1181658277 composite?
True
Is 21985490087 prime?
False
Is 67816740937 composite?
True
Is 10311971039 a prime number?
True
Is 28787440053 composite?
True
Is 141697097 composite?
True
Is 20906779 prime?
False
Is 475920299 composite?
True
Is 4490552257 composite?
False
Is 10183906477 composite?
True
Is 5534465389 prime?
True
Is 220457583901 prime?
True
Is 809918101 a prime number?
True
Is 6749259793 a prime number?
False
Is 321167939 prime?
False
Is 7513046537 a prime number?
True
Is 45082200623 a composite number?
True
Is 14745332873 prime?
True
Is 2234504161 prime?
False
Is 301461305 prime?
False
Is 3958719194 composite?
True
Is 1316348321 prime?
True
Is 42805868869 prime?
True
Is 25966677587 a prime number?
False
Is 14749801999 a composite number?
T